In base 2, what is 10110011001111101011001100 + -11?
10110011001111101011001001
In base 7, what is -42050 + 2644?
-36103
In base 10, what is 25699 - -8560?
34259
In base 16, what is 23c6dc - 1?
23c6db
In base 4, what is -221200302321 + 12?
-221200302303
In base 13, what is -84 - -1297a?
128c6
In base 13, what is 5 - 58a5c7?
-58a5c2
In base 8, what is 0 - 12242301?
-12242301
In base 15, what is -1c05 + d617?
b912
In base 5, what is 123230 + 44324?
223104
In base 8, what is -15 + 1221415?
1221400
In base 7, what is 1 - 3042342350?
-3042342346
In base 8, what is 10255545 - 5?
10255540
In base 12, what is 4363a31 + -12?
4363a1b
In base 7, what is -4563666 - -104?
-4563562
In base 6, what is 110025023 - -31?
110025054
In base 3, what is 1102122 - -20022221010?
20101100202
In base 5, what is 10 - 3414031214?
-3414031204
In base 14, what is 10c + -6119b?
-6108d
In base 3, what is 1000 + -12210020022210?
-12210020021210
In base 5, what is -44303000431 + 1?
-44303000430
In base 10, what is -13853 - -18242?
4389
In base 5, what is -113310 - 2201423?
-2320233
In base 9, what is -444265 - -73?
-444182
In base 11, what is -1a547 + 151?
-1a3a6
In base 2, what is -100 + -1101111001000100111?
-1101111001000101011
In base 4, what is 1031102 - 301222302?
-300131200
In base 11, what is 48036917 - 5?
48036912
In base 7, what is 20220150451 - -3?
20220150454
In base 6, what is -1000340 - -1240?
-555100
In base 14, what is 40 + -1234b7?
-123477
In base 5, what is 20 - 21243403013?
-21243402443
In base 4, what is -13333311 - 1221?
-20001132
In base 2, what is 1100011 - 10010100111111000011?
-10010100111101100000
In base 6, what is 3 - -250510210?
250510213
In base 16, what is -a - 5e3b8?
-5e3c2
In base 15, what is -3bae - 1345?
-5004
In base 8, what is -732014677 + -2?
-732014701
In base 7, what is -1631500250 - -4?
-1631500243
In base 14, what is 1cc698 + -3?
1cc695
In base 6, what is 130 - -335124355?
335124525
In base 2, what is 1000 + 110000001000011101101100?
110000001000011101110100
In base 5, what is 102 + -100242104?
-100242002
In base 6, what is -110224 - -10451?
-55333
In base 2, what is -1000111000011010100110010 - 0?
-1000111000011010100110010
In base 10, what is 1 + -1083975?
-1083974
In base 4, what is 12131202022 + 1?
12131202023
In base 12, what is -231911 + 410?
-231501
In base 15, what is 4d22e - -1e?
4d24d
In base 4, what is -3321 - 13331323?
-20001310
In base 4, what is -32230030203 + 11?
-32230030132
In base 3, what is -202 - 10010222222011?
-10010222222220
In base 2, what is -1110110011110011100111 - 10100010?
-1110110011110110001001
In base 13, what is -1 + -b0c121?
-b0c122
In base 9, what is 24 + -872863?
-872838
In base 16, what is -915 + 69cb?
60b6
In base 14, what is 117 - 93a6?
-928d
In base 10, what is 2103675 - -17?
2103692
In base 16, what is a537 + -395?
a1a2
In base 3, what is 122 - 2112021221011102?
-2112021221010210
In base 10, what is 2027 + -45345?
-43318
In base 6, what is 442 + 1152045?
1152531
In base 5, what is -23024 + 1422?
-21102
In base 3, what is 122222012012 + -2221?
122222002021
In base 14, what is -46c4 - -258?
-446a
In base 11, what is 2212a227 - -2?
2212a229
In base 3, what is -220202010 + 11021111?
-202110122
In base 12, what is b1a + 457?
1375
In base 16, what is 2 + -12c5f9?
-12c5f7
In base 13, what is 1 + -92c209?
-92c208
In base 10, what is -406 + 1437?
1031
In base 2, what is -1100110111 + -110111111100100111?
-111000001001011110
In base 12, what is b41a + 59?
b477
In base 15, what is 36e2b + -1e6?
36c35
In base 10, what is 7118 + -25?
7093
In base 8, what is 30617 - 2215?
26402
In base 12, what is 590 + 133a55?
134425
In base 15, what is 2 - 2e5676?
-2e5674
In base 2, what is 1111111110011101 + -110010000?
1111111000001101
In base 9, what is -340 - 1304252?
-1304602
In base 6, what is 21 - -4520521124?
4520521145
In base 12, what is 1 + 55a4b9?
55a4ba
In base 2, what is -10011100101 + 10000000111110001?
1111110100001100
In base 5, what is -22401001 - 222?
-22401223
In base 12, what is -886 - -2918?
2052
In base 8, what is 3234130 + -14?
3234114
In base 9, what is 3680 - 1004?
2675
In base 9, what is -318604871 - 0?
-318604871
In base 13, what is -66 - 53400?
-53466
In base 9, what is 51080545 - -2?
51080547
In base 11, what is 1057888 - -3?
1057890
In base 13, what is -64 + 83241a?
832386
In base 11, what is 5527789 + 8?
5527796
In base 12, what is -101a + -893?
-18b1
In base 14, what is -1 - b85710?
-b85711
In base 14, what is 57ca980 + 2?
57ca982
In base 4, what is -30132001 + 310233?
-23221102
In base 5, what is 1223412044 + 2023?
1223414122
In base 3, what is -12 - -1100102001010012?
1100102001010000
In base 15, what is 541594 + 6?
54159a
In base 14, what is 21953 - -4724?
26277
In base 3, what is 2101210001 + 222?
2101211000
In base 9, what is 1434684 - -38?
1434733
In base 9, what is -28581 + 4107?
-24473
In base 14, what is -46b5a8a + 5?
-46b5a85
In base 10, what is -174458 - 126?
-174584
In base 12, what is -a384 - 126a7?
-20a6b
In base 4, what is -102032 + 2033223333?
2033121301
In base 12, what is 5 + -50a804ba?
-50a804b5
In base 2, what is -1100111000010001010 - -1100?
-1100111000001111110
In base 14, what is 10 + 3c84ccc?
3c84cdc
In base 11, what is 0 - -355894?
355894
In base 15, what is 8c68ca + 5?
8c68d0
In base 2, what is 11011101 + -110100011100100001?
-110100011001000100
In base 15, what is 3 - -b1537c7?
b1537ca
In base 5, what is 1022 - 3242304?
-3241232
In base 14, what is 65a3 - 216?
638b
In base 14, what is -2b695c + 27?
-2b6935
In base 10, what is -155 + 357296?
357141
In base 10, what is 3 + -2132563?
-2132560
In base 4, what is 11302331 - -32003?
12001000
In base 2, what is 100000111 - -10010111111011111?
10011000011100110
In base 6, what is -3422 + 103310?
55444
In base 12, what is -14 - 474752?
-474766
In base 15, what is -302b6 + 10?
-302a6
In base 16, what is -3251fe8 - -4?
-3251fe4
In base 10, what is 24861555 - 27?
24861528
In base 2, what is 1001100 + 1111000001110011?
1111000010111111
In base 3, what is -12201212001 - -2201?
-12201202100
In base 12, what is 4 + 2a77592a?
2a775932
In base 8, what is 2664 - -40315?
43201
In base 11, what is -193881671 - 5?
-193881676
In base 4, what is -112321101 - 2221030?
-121202131
In base 16, what is -6 + -bc2545?
-bc254b
In base 15, what is -d - 6d61d6?
-6d61e4
In base 16, what is -4eca1d + d?
-4eca10
In base 5, what is -201302 - -220?
-201032
In base 9, what is -218 + 561?
342
In base 5, what is 12124234 - -43?
12124332
In base 14, what is 44443 - -170?
445b3
In base 11, what is 0 + -a7467631?
-a7467631
In base 11, what is -26592763a - -4?
-265927636
In base 3, what is -222101221122 + -110?
-222101222002
In base 2, what is -10000010110 - 1111010101000?
-10001010111110
In base 2, what is 1110110111 + -101110100110000?
-101100101111001
In base 8, what is -320574 - 66?
-320662
In base 11, what is -1719489a - -2?
-17194898
In base 10, what is 400982 + -648?
400334
In base 2, what is 11010111011100011100100001 - -10?
11010111011100011100100011
In base 11, what is 25156524 - 2?
25156522
In base 7, what is 21542556 + 41?
21542630
In base 11, what is -2 + -1405085?
-1405087
In base 2, what is -10101101010010 - -11111101?
-10101001010101
In base 11, what is -116209 - -29?
-116190
In base 7, what is 4346550624 - -2?
4346550626
In base 16, what is 91ce - a76?
8758
In base 6, what is -3334 - -150?
-3144
In base 12, what is 157 - 11493?
-11338
In base 8, what is 26642 - -37?
26701
In base 12, what is 1051 + -54?
bb9
In base 9, what is 17148 - 40471?
-22322
In base 8, what is 701067743 - 1?
701067742
In base 11, what is -8597 - 131?
-8718
In base 9, what is 0 + 31581746?
31581746
In base 14, what is -2 - -2cc6cd2?
2cc6cd0
In base 16, what is -1d263c + 18?
-1d2624
In base 13, what is 4 - 15b553b?
-15b5537
In base 6, what is 424 - -342115?
342543
In base 15, what is -25 - 4c7eb?
-4c821
In base 16, what is -18730a5 - 3?
-18730a8
In base 14, what is -16d806c + 0?
-16d806c
In base 11, what is -1724855 + 15?
-1724840
In base 3, what is -2021212 - -2021021011?
2011222022
In base 7, what is -114 + 3500434?
3500320
In base 13, what is -6 + 158b53c?
158b536
In base 13, what is -79 - 185711?
-18578a
In base 3, what is 22 - 1200001221020022?
-1200001221020000
